tors of 126486613.
11, 17, 233, 2903
List the prime factors of 1659125403.
3, 13, 179, 26407
What are the prime factors of 114375336?
2, 3, 389, 12251
List the prime factors of 348901000.
2, 5, 7, 49843
List the prime factors of 9470336.
2, 241, 307
List the prime factors of 81181386.
2, 3, 11, 13, 10513
What are the prime factors of 28718877?
3, 11, 487, 1787
List the prime factors of 1171761688.
2, 61, 257, 9343
What are the prime factors of 266645674?
2, 2897, 46021
What are the prime factors of 47590324?
2, 167, 191, 373
List the prime factors of 48721396.
2, 19, 643, 997
List the prime factors of 2495755625.
5, 11, 363019
What are the prime factors of 69760649?
7, 191, 52177
List the prime factors of 2822369921.
7, 31, 173, 75181
What are the prime factors of 27141552?
2, 3, 188483
List the prime factors of 1078594481.
1078594481
What are the prime factors of 258173682?
2, 3, 13, 3309919
List the prime factors of 203125063.
131, 433, 3581
List the prime factors of 153767517.
3, 163, 314453
List the prime factors of 167745721.
11, 13, 307, 3821
What are the prime factors of 429144829?
429144829
List the prime factors of 745835520.
2, 3, 5, 59, 823
List the prime factors of 1163779303.
1163779303
What are the prime factors of 1402429876?
2, 23, 587, 25969
What are the prime factors of 119182095?
3, 5, 199, 13309
What are the prime factors of 192898452?
2, 3, 16074871
What are the prime factors of 49366786?
2, 7, 23, 153313
List the prime factors of 116721714.
2, 3, 521, 37339
List the prime factors of 845704425.
3, 5, 137, 82307
List the prime factors of 3484378934.
2, 47, 37067861
List the prime factors of 43608683.
43608683
What are the prime factors of 310446991?
310446991
List the prime factors of 698560762.
2, 509, 686209
List the prime factors of 43982985.
3, 5, 179, 16381
What are the prime factors of 111707219?
13, 8592863
List the prime factors of 312804634.
2, 239, 503, 1301
What are the prime factors of 66163304?
2, 67, 123439
List the prime factors of 6116405.
5, 1223281
What are the prime factors of 3804170420?
2, 5, 227, 837923
What are the prime factors of 781854632?
2, 13, 7517833
List the prime factors of 334138302.
2, 3, 18563239
List the prime factors of 71259631.
17, 157, 26699
List the prime factors of 4712852789.
23, 41, 1409, 3547
What are the prime factors of 1216073262?
2, 3, 131, 337, 4591
List the prime factors of 517908275.
5, 47, 440773
List the prime factors of 815422742.
2, 229, 1780399
What are the prime factors of 209532628?
2, 37, 523, 2707
List the prime factors of 1188111088.
2, 193, 384751
List the prime factors of 768936637.
7, 113, 167, 5821
What are the prime factors of 2622180?
2, 3, 5, 11, 29, 137
What are the prime factors of 2393104462?
2, 7, 659, 259387
What are the prime factors of 436857210?
2, 3, 5, 43, 157, 719
What are the prime factors of 213816776?
2, 26727097
List the prime factors of 96327022.
2, 11, 1367, 3203
List the prime factors of 69464616.
2, 3, 13, 222643
List the prime factors of 5972058.
2, 3, 331781
What are the prime factors of 55568088?
2, 3, 59, 103, 127
What are the prime factors of 36726217?
11, 3338747
What are the prime factors of 1153236446?
2, 17, 29, 929, 1259
What are the prime factors of 129478609?
13, 1201, 8293
List the prime factors of 8170837.
29, 139, 2027
What are the prime factors of 831479921?
831479921
List the prime factors of 112726103.
7, 29, 555301
What are the prime factors of 3776387689?
59, 71, 901501
What are the prime factors of 2663746?
2, 163, 8171
What are the prime factors of 100925542?
2, 3613, 13967
List the prime factors of 656650993.
17, 131, 294859
What are the prime factors of 21966429?
3, 641, 11423
What are the prime factors of 825540121?
7, 117934303
List the prime factors of 67268528.
2, 4204283
List the prime factors of 597514248.
2, 3, 151, 54959
What are the prime factors of 2982638402?
2, 31, 467, 3323
List the prime factors of 171126510.
2, 3, 5, 31, 184007
List the prime factors of 996195089.
137, 7271497
What are the prime factors of 772647027?
3, 19, 23, 589357
List the prime factors of 10593451.
11, 127, 7583
List the prime factors of 214188816.
2, 3, 67, 66601
List the prime factors of 26778257.
11, 2434387
List the prime factors of 4307631463.
4307631463
List the prime factors of 43064181.
3, 4784909
What are the prime factors of 1055998528?
2, 13, 89, 1097
What are the prime factors of 1912164580?
2, 5, 7013, 13633
List the prime factors of 1100479503.
3, 859, 427039
List the prime factors of 307479900.
2, 3, 5, 7, 13, 1609
List the prime factors of 121970889.
3, 13552321
What are the prime factors of 406214663?
15391, 26393
What are the prime factors of 58509882?
2, 3, 3250549
List the prime factors of 5036792561.
5036792561
List the prime factors of 4796898572.
2, 1199224643
List the prime factors of 19210375.
5, 313, 491
List the prime factors of 85717822.
2, 42858911
List the prime factors of 113386223.
163, 695621
List the prime factors of 658785317.
839, 785203
List the prime factors of 468672434.
2, 3701, 63317
What are the prime factors of 63675595?
5, 1481, 8599
What are the prime factors of 1444665428?
2, 5569, 64853
List the prime factors of 18862815.
3, 5, 1257521
What are the prime factors of 323057479?
31, 149, 69941
List the prime factors of 4814995784.
2, 601874473
What are the prime factors of 28225558?
2, 14112779
What are the prime factors of 957642233?
61, 15699053
What are the prime factors of 124492568?
2, 37, 43, 9781
What are the prime factors of 284893794?
2, 3, 5275811
What are the prime factors of 4761647619?
3, 1587215873
List the prime factors of 465711107.
17, 23, 1191077
What are the prime factors of 1661871375?
3, 5, 1477219
List the prime factors of 206936125.
5, 11, 19, 89
List the prime factors of 6885028633.
7, 23, 1859311
What are the prime factors of 91410160?
2, 5, 53, 21559
What are the prime factors of 111009435?
3, 5, 37, 200017
List the prime factors of 2679483744.
2, 3, 7, 1329109
What are the prime factors of 16302320?
2, 5, 17, 11987
List the prime factors of 82096562.
2, 37, 103, 10771
What are the prime factors of 37758996?
2, 3, 11, 97, 983
What are the prime factors of 109390962?
2, 3, 18231827
What are the prime factors of 66669960?
2, 3, 5, 7, 139, 571
What are the prime factors of 131829424?
2, 17, 211, 2297
What are the prime factors of 98392849?
19, 5178571
List the prime factors of 1786502745.
3, 5, 39700061
List the prime factors of 3103923021.
3, 229, 4518083
What are the prime factors of 2826307383?
3, 331, 409, 6959
List the prime factors of 1841858124.
2, 3, 23, 6673399
List the prime factors of 4471831307.
4471831307
List the prime factors of 48737805.
3, 5, 23, 141269
What are the prime factors of 82630771?
82630771
List the prime factors of 285902292.
2, 3, 13, 1832707
List the prime factors of 1777013129.
1039, 1710311
What are the prime factors of 990918586?
2, 7, 41, 1726339
List the prime factors of 37651037.
37651037
What are the prime factors of 42411510?
2, 3, 5, 397, 1187
List the prime factors of 3712380683.
11, 19, 29, 32237
What are the prime factors of 25425031?
37, 687163
What are the prime factors of 564048643?
421, 677, 1979
List the prime factors of 49495039.
11, 347, 12967
What are the prime factors of 5100950518?
2, 307, 2399, 3463
What are the prime factors of 3697749942?
2, 3, 19, 199, 162997
List the prime factors of 6910022.
2, 7, 493573
List the prime factors of 68975532.
2, 3, 79, 307
What are the prime factors of 34931599?
59, 592061
What are the prime factors of 2546113368?
2, 3, 211, 502787
What are the prime factors of 11545104?
2, 3, 61, 3943
List the prime factors of 811441830.
2, 3, 5, 719, 37619
What are the prime factors of 194159111?
173, 821, 1367
What are the prime factors of 341869169?
341869169
What are the prime factors of 3157213876?
2, 29, 27217361
List the prime factors of 341344690.
2, 5, 19, 157, 11443
What are the prime factors of 1817000291?
1817000291
What are the prime factors of 199093688?
2, 24886711
List the prime factors of 55555945.
5, 2473, 4493
List the prime factors of 4584675434.
2, 2292337717
What are the prime factors of 211619820?
2, 3, 5, 3526997
What are the prime factors of 81226167?
3, 11, 2